ultiple of 47?
True
Is 5175289 a multiple of 12?
False
Is 245093 a multiple of 37?
False
Is 55 a factor of 889295?
True
Does 26 divide 376740?
True
Is 47 a factor of 253717?
False
Is 4 a factor of 4247468?
True
Is 523526 a multiple of 19?
True
Is 346380 a multiple of 276?
True
Is 902 a factor of 2366302?
False
Is 15037 a multiple of 21?
False
Does 668 divide 240480?
True
Is 82 a factor of 245098?
True
Does 59 divide 102538?
False
Does 13 divide 243277?
False
Is 145264 a multiple of 245?
False
Is 105 a factor of 1933365?
True
Is 501 a factor of 1131264?
False
Does 10 divide 13677854?
False
Is 257471 a multiple of 73?
True
Does 22 divide 67364?
True
Is 68260 a multiple of 90?
False
Does 14 divide 174538?
True
Is 79 a factor of 824685?
False
Is 107945 a multiple of 9?
False
Is 4613050 a multiple of 28?
False
Does 1750 divide 850574?
False
Is 69465 a multiple of 165?
True
Does 45 divide 94905?
True
Does 5 divide 22054?
False
Is 424789 a multiple of 15?
False
Is 249158 a multiple of 37?
True
Is 126009 a multiple of 435?
False
Is 23 a factor of 313651?
True
Is 599090 a multiple of 139?
True
Is 581 a factor of 7314282?
False
Is 139 a factor of 399486?
True
Does 23 divide 3533616?
False
Is 12 a factor of 16782?
False
Is 13375376 a multiple of 1973?
False
Is 93 a factor of 1641821?
False
Is 188 a factor of 2272845?
False
Is 38160 a multiple of 144?
True
Is 55 a factor of 4309580?
True
Does 39 divide 183338?
False
Is 59 a factor of 105995?
False
Is 128 a factor of 18545386?
False
Does 59 divide 6010?
False
Is 11 a factor of 14751?
True
Does 4 divide 787240?
True
Is 837862 a multiple of 14?
False
Is 29 a factor of 339973?
False
Does 292 divide 1752773?
False
Is 100 a factor of 141939?
False
Is 181358 a multiple of 8?
False
Is 18488115 a multiple of 45?
True
Is 102704 a multiple of 56?
True
Does 41 divide 289296?
True
Is 14 a factor of 141449?
False
Is 13 a factor of 15216063?
False
Does 1064 divide 1890728?
True
Is 14 a factor of 42503?
False
Does 75 divide 273600?
True
Is 9768 a multiple of 22?
True
Is 89 a factor of 481979?
False
Is 5831489 a multiple of 13?
False
Is 408582 a multiple of 18?
True
Is 34 a factor of 7515598?
True
Is 35 a factor of 1282346?
False
Is 62725 a multiple of 65?
True
Does 26 divide 155929?
False
Is 23 a factor of 441708?
False
Does 649 divide 9077563?
True
Does 21 divide 211260?
True
Is 14836 a multiple of 2?
True
Does 13 divide 1773905?
False
Does 55 divide 642915?
False
Does 178 divide 1354453?
False
Is 794 a factor of 4636166?
True
Is 1087232 a multiple of 496?
True
Is 11502611 a multiple of 91?
False
Is 28 a factor of 3126546?
False
Does 99 divide 172953?
True
Does 5 divide 1956581?
False
Is 37 a factor of 302290?
True
Is 844740 a multiple of 45?
True
Is 912331 a multiple of 114?
False
Is 89 a factor of 202564?
True
Is 689781 a multiple of 541?
False
Is 2625693 a multiple of 525?
False
Is 250 a factor of 237250?
True
Is 12 a factor of 520302?
False
Is 102174 a multiple of 23?
False
Is 334737 a multiple of 13?
True
Does 630 divide 891078?
False
Does 11 divide 80875?
False
Does 17 divide 223856?
True
Is 63 a factor of 9513?
True
Is 1170628 a multiple of 17?
False
Does 102 divide 73462?
False
Does 203 divide 181835?
False
Is 241224 a multiple of 114?
True
Does 34 divide 956488?
True
Is 10 a factor of 264705?
False
Does 492 divide 1292484?
True
Is 1600412 a multiple of 11?
True
Does 24 divide 5832?
True
Is 11 a factor of 26735?
False
Does 119 divide 460411?
True
Is 157 a factor of 11169953?
False
Is 18 a factor of 1922814?
True
Does 42 divide 177114?
True
Does 41 divide 47269?
False
Is 38626 a multiple of 89?
True
Is 208425 a multiple of 3?
True
Does 35 divide 4893035?
True
Is 215590 a multiple of 27?
False
Is 35 a factor of 499687?
False
Is 9 a factor of 81468?
True
Does 69 divide 190153?
False
Does 120 divide 514800?
True
Does 210 divide 27930?
True
Does 18 divide 24155730?
True
Is 32 a factor of 2712567?
False
Does 38 divide 246848?
True
Does 87 divide 117015?
True
Is 312 a factor of 9965592?
True
Does 467 divide 92784?
False
Is 683430 a multiple of 545?
True
Is 14178 a multiple of 417?
True
Is 2833959 a multiple of 58?
False
Does 11 divide 1213410?
True
Is 676545 a multiple of 115?
True
Is 12 a factor of 97196?
False
Is 25 a factor of 5010634?
False
Does 282 divide 55836?
True
Is 18 a factor of 412617?
False
Is 4235836 a multiple of 22?
True
Is 20 a factor of 818882?
False
Is 71 a factor of 16328504?
False
Is 88 a factor of 11548?
False
Is 89 a factor of 104044?
False
Is 61 a factor of 822200?
False
Is 13 a factor of 621491?
True
Does 123 divide 786748?
False
Is 2489508 a multiple of 1246?
True
Is 11 a factor of 1664674?
True
Is 78800 a multiple of 247?
False
Does 13 divide 28128399?
True
Is 5644576 a multiple of 791?
True
Is 168972 a multiple of 9?
False
Is 21 a factor of 679980?
True
Does 30 divide 702145?
False
Is 4513949 a multiple of 11?
True
Is 3905310 a multiple of 6?
True
Does 91 divide 4872251?
False
Does 5 divide 453667?
False
Is 3442897 a multiple of 50?
False
Is 370764 a multiple of 17?
False
Does 163 divide 1071?
False
Is 6114979 a multiple of 28?
False
Is 308 a factor of 520520?
True
Is 295592 a multiple of 58?
False
Is 25854574 a multiple of 43?
False
Is 1722107 a multiple of 29?
True
Is 11 a factor of 2056769?
True
Does 24 divide 1479456?
True
Is 380752 a multiple of 424?
True
Does 88 divide 8522049?
False
Does 13 divide 37708?
False
Is 119 a factor of 1328873?
True
Is 149 a factor of 209132?
False
Is 343 a factor of 9957992?
False
Is 69069 a multiple of 91?
True
Is 264618 a multiple of 73?
False
Is 58623 a multiple of 23?
False
Is 451 a factor of 650342?
True
Is 35 a factor of 135905?
True
Does 7 divide 2067345?
True
Does 570 divide 13230417?
False
Is 177 a factor of 192045?
True
Is 2998710 a multiple of 130?
True
Does 126 divide 57986?
False
Does 42 divide 86918?
False
Does 13 divide 3471386?
False
Does 27 divide 4666821?
False
Is 17 a factor of 24214?
False
Is 234 a factor of 2666664?
True
Does 81 divide 894807?
True
Is 208 a factor of 955993?
False
Is 118 a factor of 58590?
False
Is 126 a factor of 797002?
False
Is 687075 a multiple of 75?
True
Does 98 divide 55468?
True
Does 558 divide 244397?
False
Does 16 divide 402480?
True
Does 21 divide 65188?
False
Is 8187786 a multiple of 1098?
True
Does 34 divide 2478192?
True
Does 36 divide 902845?
False
Does 28 divide 862075?
False
Is 1660 a factor of 3391380?
True
Does 123 divide 39661?
False
Does 16 divide 116?
False
Does 12 divide 65256?
True
Is 386 a factor of 1866310?
True
Is 183 a factor of 5740131?
False
Does 928 divide 13255552?
True
Does 139 divide 7386915?
False
Is 3648540 a multiple of 140?
True
Is 29 a factor of 49569?
False
Does 16 divide 2224521?
False
Does 334 divide 49766?
True
Does 40 divide 682920?
True
Is 54 a factor of 17862843?
False
Does 61 divide 222653?
False
Is 62315 a multiple of 26?
False
Does 114 divide 764940?
True
Is 4355758 a multiple of 439?
True
Is 164079 a multiple of 79?
False
Is 391 a factor of 6585030?
False
Does 45 divide 476550?
True
Does 23 divide 94436?
False
Is 99 a factor of 86427?
True
Is 4631795 a multiple of 80?
False
Does 95 divide 59037?
False
Is 732732 a multiple of 13?
True
Is 168696 a multiple of 66?
True
Is 60667 a multiple of 64?
False
Does 25 divide 155097?
False
Is 41 a factor of 209920?
True
Is 21 a factor of 162540?
True
Is 424 a factor of 14100544?
True
Does 331 divide 769288?
False
Is 82931 a multiple of 18?
False
Is 532286 a multiple of 122?
True
Is 228 a factor of 241224?
True
Does 11 divide 1258111?
False
Is 122 a factor of 505734?
False
Does 20 divide 752300?
True
Is 422 a factor of 3228300?
True
Does 637 divide 1692509?
True
Is 442 a factor of 641726?
False
Does 225 divide 2271928?
False
Is 2173915 a multiple of 5?
True
Is 48 a factor of 29807?
False
Is 25 a factor of 2042878?
False
Is 2635666 a multiple of 28?
False
Does 31 divide 1207450?
True
Is 77 a factor of 38885909?
False
Is 26307 a multiple of 9?
True
Is 1097 a factor of 2431662?
False
Does 438 divide 303089?
False
Is 2769857 a multiple of 37?
True
Is 811 a factor of 1334906?
True
Is 271 a factor of 1399986?
True
Is 1318630 a multiple of 71?
False
Is 446760 a multiple of 30?
True
Is 579568 a multiple of 17?
False
Does 60 divide 212226